
Is 4 a factor of 1916?
True
Does 108 divide 43973?
False
Is 77 a factor of 140335?
False
Is 15 a factor of 10020?
True
Is 111 a multiple of 4?
False
Is 43 a factor of 86?
True
Is 6005 a multiple of 3?
False
Is 2550 a multiple of 10?
True
Is 63 a factor of 61929?
True
Does 12 divide 14207?
False
Is 18410 a multiple of 7?
True
Is 5 a factor of 2150?
True
Is 100 a multiple of 25?
True
Is 3 a factor of 1241?
False
Is 174 a factor of 21750?
True
Does 31 divide 1414?
False
Is 5236 a multiple of 17?
True
Is 60 a multiple of 15?
True
Does 8 divide 1230?
False
Is 26 a factor of 673?
False
Is 16559 a multiple of 124?
False
Is 46 a factor of 8326?
True
Is 690 a multiple of 18?
False
Is 2525 a multiple of 19?
False
Is 74 a factor of 2357?
False
Is 12 a factor of 1836?
True
Is 4393 a multiple of 54?
False
Is 60 even?
True
Is 2160 a multiple of 15?
True
Is 928 a multiple of 8?
True
Does 67 divide 1541?
True
Does 22 divide 311?
False
Is 9408 a multiple of 96?
True
Does 13 divide 8636?
False
Does 77 divide 4363?
False
Is 20 a factor of 3080?
True
Is 4 a factor of 4739?
False
Is 17 a factor of 2397?
True
Is 12 a factor of 660?
True
Is 25861 a multiple of 294?
False
Does 68 divide 48245?
False
Is 57 a multiple of 19?
True
Is 10 a factor of 8528?
False
Does 6 divide 122?
False
Is 13 a factor of 129?
False
Is 4 a factor of 163?
False
Does 32 divide 13536?
True
Does 14 divide 52542?
True
Does 11 divide 330?
True
Does 8 divide 9289?
False
Does 10 divide 6964?
False
Is 943 a multiple of 41?
True
Does 48 divide 7872?
True
Does 72 divide 31320?
True
Does 23 divide 80?
False
Is 79 a factor of 1264?
True
Is 1831 a multiple of 5?
False
Is 1950 a multiple of 65?
True
Does 68 divide 13557?
False
Does 4 divide 452?
True
Is 105 a factor of 2606?
False
Is 54 a factor of 18827?
False
Does 11 divide 37975?
False
Is 3568 a multiple of 16?
True
Is 761 a multiple of 17?
False
Does 155 divide 29697?
False
Is 16959 a multiple of 109?
False
Is 4 a factor of 11?
False
Is 3550 a multiple of 12?
False
Does 8 divide 1096?
True
Is 31 a factor of 8447?
False
Is 21 a factor of 1140?
False
Does 11 divide 3562?
False
Is 28 a factor of 448?
True
Does 17 divide 51?
True
Is 148 a multiple of 73?
False
Is 20760 a multiple of 15?
True
Is 12099 a multiple of 9?
False
Does 8 divide 12120?
True
Is 2872 a multiple of 23?
False
Does 98 divide 22626?
False
Does 53 divide 1696?
True
Is 11 a factor of 1242?
False
Is 6 a factor of 24?
True
Does 51 divide 1605?
False
Is 929 a multiple of 12?
False
Is 14 a factor of 672?
True
Does 9 divide 621?
True
Is 5 a factor of 1847?
False
Is 13113 a multiple of 120?
False
Does 14 divide 1288?
True
Is 36 a factor of 3450?
False
Is 6534 a multiple of 27?
True
Does 27 divide 27513?
True
Is 5 a factor of 5085?
True
Is 130 a factor of 30810?
True
Does 32 divide 331?
False
Is 585 a multiple of 17?
False
Is 7 a factor of 399?
True
Is 17 a factor of 90398?
False
Does 32 divide 987?
False
Does 25 divide 1133?
False
Is 29 a factor of 1711?
True
Does 34 divide 1360?
True
Is 142 a multiple of 10?
False
Is 11 a factor of 703?
False
Does 22 divide 587?
False
Is 186 a multiple of 12?
False
Is 9436 a multiple of 14?
True
Does 164 divide 44969?
False
Does 5 divide 7510?
True
Is 9 a factor of 258?
False
Is 5 a factor of 3741?
False
Does 8 divide 4759?
False
Does 9 divide 6113?
False
Does 59 divide 5546?
True
Does 7 divide 2135?
True
Is 25 a factor of 36575?
True
Is 9 a factor of 378?
True
Is 30 a factor of 472?
False
Is 40907 a multiple of 49?
False
Does 12 divide 372?
True
Is 65 a factor of 1771?
False
Is 35 a factor of 590?
False
Is 1237 a multiple of 22?
False
Is 95 a factor of 5385?
False
Is 620 a multiple of 10?
True
Does 69 divide 1883?
False
Is 1355 a multiple of 159?
False
Does 63 divide 1949?
False
Does 151 divide 61312?
False
Does 46 divide 1505?
False
Is 104328 a multiple of 252?
True
Is 58 a factor of 3079?
False
Does 24 divide 1060?
False
Is 52445 a multiple of 17?
True
Is 45229 a multiple of 16?
False
Is 6 a factor of 174?
True
Is 32 a factor of 1702?
False
Is 387 a multiple of 9?
True
Is 115 a factor of 460?
True
Does 13 divide 8850?
False
Does 215 divide 12470?
True
Is 36559 a multiple of 7?
False
Is 2078 a multiple of 19?
False
Is 5 a factor of 21335?
True
Is 15 a factor of 735?
True
Does 21 divide 349?
False
Is 46 a factor of 1836?
False
Is 13 a factor of 86463?
True
Does 14 divide 17304?
True
Does 20 divide 2360?
True
Is 23 a factor of 721?
False
Does 33 divide 1287?
True
Does 39 divide 31300?
False
Is 525 a multiple of 7?
True
Does 10 divide 590?
True
Is 9384 a multiple of 68?
True
Does 6 divide 150?
True
Is 33 a factor of 4673?
False
Does 39 divide 1383?
False
Is 65 a factor of 2340?
True
Does 5 divide 3445?
True
Is 1199 a multiple of 11?
True
Does 3 divide 765?
True
Is 2 a factor of 173?
False
Is 23 a factor of 46391?
True
Does 11 divide 116413?
True
Is 27 a factor of 1026?
True
Does 73 divide 584?
True
Does 114 divide 2275?
False
Is 490 a multiple of 2?
True
Is 4393 a multiple of 90?
False
Is 26 a factor of 728?
True
Is 2800 a multiple of 10?
True
Is 77 a factor of 19712?
True
Is 10152 a multiple of 7?
False
Does 21 divide 25263?
True
Is 16 a factor of 597?
False
Does 37 divide 12654?
True
Is 9 a factor of 522?
True
Is 18 a factor of 11088?
True
Is 306 a multiple of 17?
True
Does 4 divide 1956?
True
Is 410 a multiple of 41?
True
Is 30 a multiple of 10?
True
Does 28 divide 2536?
False
Is 215 a factor of 30296?
False
Is 4 a factor of 899?
False
Is 1680 a multiple of 56?
True
Is 3608 a multiple of 22?
True
Is 9 a factor of 711?
True
Is 15 a factor of 5310?
True
Does 13 divide 58244?
False
Is 1924 a multiple of 90?
False
Does 40 divide 86680?
True
Is 360 a multiple of 9?
True
Is 15 a factor of 781?
False
Is 2105 a multiple of 2?
False
Is 70 a multiple of 5?
True
Does 39 divide 1248?
True
Does 36 divide 3018?
False
Is 6 a factor of 1290?
True
Is 11 a factor of 39677?
True
Does 14 divide 5600?
True
Is 2173 a multiple of 8?
False
Is 819 a multiple of 7?
True
Does 13 divide 7889?
False
Is 5 a factor of 1408?
False
Is 11 a factor of 18161?
True
Is 8016 a multiple of 24?
True
Does 40 divide 1607?
False
Is 7927 a multiple of 71?
False
Is 2482 a multiple of 135?
False
Does 12 divide 3996?
True
Is 21 a factor of 1147?
False
Is 4198 a multiple of 8?
False
Does 209 divide 36785?
False
Is 105 a factor of 475?
False
Is 10 a factor of 1154?
False
Is 28914 a multiple of 122?
True
Does 6 divide 490?
False
Is 43 a factor of 7998?
True
Is 882 a multiple of 98?
True
Is 8 a factor of 3232?
True
Is 12287 a multiple of 25?
False
Does 29 divide 59044?
True
Is 28 a factor of 2452?
False
Is 3 a factor of 246?
True
Is 68 a factor of 884?
True
Is 124 a multiple of 62?
True
Does 4 divide 1184?
True
Is 81697 a multiple of 35?
False
Is 6851 a multiple of 17?
True
Is 16 a factor of 208?
True
Is 4 a factor of 2402?
False
Is 5 a factor of 650?
True
Is 169052 a multiple of 22?
False
Does 14 divide 4570?
False
Is 12 a factor of 30540?
True
Is 2244 a multiple of 33?
True
Is 18 a factor of 630?
True
Does 43 divide 989?
True
Is 106 a factor of 7278?
False
Is 55 a factor of 296?
False
Is 29326 a multiple of 42?
False
Is 72198 a multiple of 378?
True
Does 37 divide 111?
True
Is 9 a factor of 1972?
False
Does 86 divide 1806?
True
Does 9 divide 11619?
True
Is 870 a multiple of 26?
False
Is 3 a factor of 2688?
True
Does 15 divide 90?
True
Does 16 divide 147089?
False
Is 2012 a multiple of 111?
False
Is 10 a factor of 700?
True
Is 5135 a multiple of 5?
True
Is 7 a factor of 1324?
False
Is 10 a factor of 16990?
True
Is 7 a factor of 16709?
True
Is 54 a factor of 6372?
True
Is 56 a factor of 993?
False
Does 8 divide 608?
True
Is 22506 a multiple of 11?
True
Does 12 divide 16980?
True
Is 26089 a multiple of 8?
False
Does 4 divide 940?
True
Does 27 divide 151?
False
Is 11 a factor of 29413?
False
Is 60 a factor of 540?
True
Is 966 a multiple of 14?
True
Is 13 a factor of 4134?
True
Is 1440 a multiple of 8?
True
Is 5910 a multiple of 197?
True
Does 214 divide 73498?
False
Is 2085 a multiple of 8?
False
Does 32 divide 25161?
False
Does 37 divide 33853?
False
Is 11 a factor of 2464?
True
Does 5 divide 285?
True
Is 1095 a multiple of 20?
False
Is 8 a factor of 8808?
True
Is 37 a factor of 41193?
False
Does 10 div